{"id":49,"date":"2012-05-23T22:57:07","date_gmt":"2012-05-23T22:57:07","guid":{"rendered":"http:\/\/www.searadecristo.com.br\/portal\/?page_id=49"},"modified":"2022-05-15T14:18:31","modified_gmt":"2022-05-15T17:18:31","slug":"quem-somos","status":"publish","type":"page","link":"http:\/\/www.searadecristo.com.br\/portal\/quem-somos\/","title":{"rendered":"Quem somos"},"content":{"rendered":"\n<p><\/p>\n\n\n<p>Somos um portal evang\u00e9lico, que aproveitamos a internet para fazer miss\u00f5es on line, cumprindo a ordem imperativa de Jesus, que disse: &#8220;Ide por todo o mundo, pregai o evangelho\u00a0 a toda criatura&#8221;. Fomos chamados por Deus para trabalhar na Sua seara, pois h\u00e1 muitos servi\u00e7os e poucos trabalhadores.\u00a0Fa\u00e7a parte da fam\u00edlia Seara de Cristo e juntos faremos miss\u00f5es anunciando o evangelho a toda criatura<\/p>\n<p>Seja um de nossos parceiros e envie seus artigos para publica\u00e7\u00f5es.<\/p>\n<p>\u00a0<\/p>\n<p><strong>No inef\u00e1vel amor de Cristo<\/strong>;<\/p>\n<p style=\"text-align: center;\"><a href=\"http:\/\/www.searadecristo.com.br\/portal\/wp-content\/uploads\/2022\/05\/IMG_20190730_180944543-scaled.jpg\"><img loading=\"lazy\" decoding=\"async\" class=\"alignnone wp-image-8701\" title=\"photo\" src=\"http:\/\/www.searadecristo.com.br\/portal\/wp-content\/uploads\/2022\/05\/IMG_20190730_180944543-169x300.jpg\" alt=\"\" width=\"253\" height=\"450\" srcset=\"http:\/\/www.searadecristo.com.br\/portal\/wp-content\/uploads\/2022\/05\/IMG_20190730_180944543-169x300.jpg 169w, http:\/\/www.searadecristo.com.br\/portal\/wp-content\/uploads\/2022\/05\/IMG_20190730_180944543-576x1024.jpg 576w, http:\/\/www.searadecristo.com.br\/portal\/wp-content\/uploads\/2022\/05\/IMG_20190730_180944543-768x1365.jpg 768w, http:\/\/www.searadecristo.com.br\/portal\/wp-content\/uploads\/2022\/05\/IMG_20190730_180944543-864x1536.jpg 864w, http:\/\/www.searadecristo.com.br\/portal\/wp-content\/uploads\/2022\/05\/IMG_20190730_180944543-1152x2048.jpg 1152w, http:\/\/www.searadecristo.com.br\/portal\/wp-content\/uploads\/2022\/05\/IMG_20190730_180944543-scaled.jpg 1440w\" sizes=\"auto, (max-width: 253px) 100vw, 253px\" \/><\/a><\/p>\n<p style=\"text-align: center;\">Pr. Ademilson Braga<br \/><strong>&#8211; Diretor &#8211;<\/strong><\/p>\n\n\n<p><\/p>\n","protected":false},"excerpt":{"rendered":"<p>Somos um portal evang\u00e9lico, que aproveitamos a internet para fazer miss\u00f5es on line, cumprindo a ordem imperativa de Jesus, que disse: &#8220;Ide por todo o mundo, pregai o evangelho\u00a0 a toda criatura&#8221;. Fomos chamados por Deus para trabalhar na Sua seara, pois h\u00e1 muitos servi\u00e7os e poucos trabalhadores.\u00a0Fa\u00e7a parte da fam\u00edlia Seara de Cristo e [&hellip;]<\/p>\n","protected":false},"author":1,"featured_media":0,"parent":0,"menu_order":0,"comment_status":"open","ping_status":"open","template":"","meta":{"footnotes":""},"class_list":["post-49","page","type-page","status-publish","hentry"],"_links":{"self":[{"href":"http:\/\/www.searadecristo.com.br\/portal\/wp-json\/wp\/v2\/pages\/49","targetHints":{"allow":["GET"]}}],"collection":[{"href":"http:\/\/www.searadecristo.com.br\/portal\/wp-json\/wp\/v2\/pages"}],"about":[{"href":"http:\/\/www.searadecristo.com.br\/portal\/wp-json\/wp\/v2\/types\/page"}],"author":[{"embeddable":true,"href":"http:\/\/www.searadecristo.com.br\/portal\/wp-json\/wp\/v2\/users\/1"}],"replies":[{"embeddable":true,"href":"http:\/\/www.searadecristo.com.br\/portal\/wp-json\/wp\/v2\/comments?post=49"}],"version-history":[{"count":9,"href":"http:\/\/www.searadecristo.com.br\/portal\/wp-json\/wp\/v2\/pages\/49\/revisions"}],"predecessor-version":[{"id":8727,"href":"http:\/\/www.searadecristo.com.br\/portal\/wp-json\/wp\/v2\/pages\/49\/revisions\/8727"}],"wp:attachment":[{"href":"http:\/\/www.searadecristo.com.br\/portal\/wp-json\/wp\/v2\/media?parent=49"}],"curies":[{"name":"wp","href":"https:\/\/api.w.org\/{rel}","templated":true}]}}

<p></p>


<p>Somos um portal evangélico, que aproveitamos a internet para fazer missões on line, cumprindo a ordem imperativa de Jesus, que disse: &#8220;Ide por todo o mundo, pregai o evangelho  a toda criatura&#8221;. Fomos chamados por Deus para trabalhar na Sua seara, pois há muitos serviços e poucos trabalhadores. Faça parte da família Seara de Cristo e juntos faremos missões anunciando o evangelho a toda criatura</p>
<p>Seja um de nossos parceiros e envie seus artigos para publicações.</p>
<p> </p>
<p><strong>No inefável amor de Cristo</strong>;</p>
<p style="text-align: center;"><a href="http://www.searadecristo.com.br/portal/wp-content/uploads/2022/05/IMG_20190730_180944543-scaled.jpg"><img loading="lazy" decoding="async" class="alignnone wp-image-8701" title="photo" src="http://www.searadecristo.com.br/portal/wp-content/uploads/2022/05/IMG_20190730_180944543-169x300.jpg" alt="" width="253" height="450" srcset="http://www.searadecristo.com.br/portal/wp-content/uploads/2022/05/IMG_20190730_180944543-169x300.jpg 169w, http://www.searadecristo.com.br/portal/wp-content/uploads/2022/05/IMG_20190730_180944543-576x1024.jpg 576w, http://www.searadecristo.com.br/portal/wp-content/uploads/2022/05/IMG_20190730_180944543-768x1365.jpg 768w, http://www.searadecristo.com.br/portal/wp-content/uploads/2022/05/IMG_20190730_180944543-864x1536.jpg 864w, http://www.searadecristo.com.br/portal/wp-content/uploads/2022/05/IMG_20190730_180944543-1152x2048.jpg 1152w, http://www.searadecristo.com.br/portal/wp-content/uploads/2022/05/IMG_20190730_180944543-scaled.jpg 1440w" sizes="auto, (max-width: 253px) 100vw, 253px" /></a></p>
<p style="text-align: center;">Pr. Ademilson Braga<br /><strong>&#8211; Diretor &#8211;</strong></p>


<p></p>

<p>Somos um portal evangélico, que aproveitamos a internet para fazer missões on line, cumprindo a ordem imperativa de Jesus, que disse: &#8220;Ide por todo o mundo, pregai o evangelho  a toda criatura&#8221;. Fomos chamados por Deus para trabalhar na Sua seara, pois há muitos serviços e poucos trabalhadores. Faça parte da família Seara de Cristo e [&hellip;]</p>
